{"id":83411,"date":"2019-09-23T16:08:28","date_gmt":"2019-09-23T14:08:28","guid":{"rendered":"https:\/\/www.kolibica.com\/product\/usb-flash-speicher\/"},"modified":"2023-02-27T12:28:35","modified_gmt":"2023-02-27T10:28:35","slug":"usb-stick-aus-holz","status":"publish","type":"product","link":"https:\/\/www.kolibica.com\/de\/produkt\/usb-stick-aus-holz\/","title":{"rendered":"Usb Stick aus Holz"},"content":{"rendered":"<p><strong>Usb Stick aus Holz<\/strong> &#8211; Willst du anders sein? Suchen Sie nach einem USB-Stick, der auch ein einzigartiges Modedetail ist? M\u00f6chten Sie einen praktischen und eleganten USB-Stick? Kolibica kann Ihnen verschiedene USB-Sticks mit unterschiedlichen Kapazit\u00e4ten anbieten. Diese Scheiben sind handgefertigt und wundersch\u00f6n gestaltet. Sie werden auch in Kombination mit Metallteilen produziert und zeichnen sich durch h\u00f6chste Verarbeitungsqualit\u00e4t aus.<\/p>\n<p><strong>Flash-Aufkleber<\/strong> werden aus <a href=\"https:\/\/www.kolibica.com\/de\/strukturelle-eigenschaften-und-verwendbarkeit-heimischer-holzarten\/\">Walnuss<\/a>-, Kirsch-, Pflaumen- und Birnenholz h\u00f6chster Qualit\u00e4t hergestellt. Sie k\u00f6nnen CNC- oder lasergraviert sein.<\/p>\n<p>In Anbetracht dessen, dass sie zu den luxuri\u00f6seren Produkten geh\u00f6ren, k\u00f6nnen USB-Sticks aus Holz in kleinen Serien oder auf Bestellung pro St\u00fcck hergestellt werden.<\/p>\n<p>Preise f\u00fcr 8 GB USB-Flash:<br \/>\nbis 100 St\u00fcck &#8211; 15 Eur<br \/>\nvon 100 bis 200 St\u00fcck &#8211; 14 Eur<br \/>\n\u00fcber 200 St\u00fcck &#8211; 12,50 Eur<\/p>\n<p>&nbsp;<\/p>\n<p>&nbsp;<\/p>\n<p>&nbsp;<\/p>\n<p><strong>Anmerkungen:<\/strong><\/p>\n<p>Die Gravur ist nicht im Preis inbegriffen.<br \/>\nAuf Wunsch des Kunden bringen wir ein Logo oder einen anderen Text per Laserdruck auf die Produkte auf<\/p>\n","protected":false},"excerpt":{"rendered":"<p>Usb Stick aus Holz &#8211; Willst du anders sein? Suchen  [&#8230;]<\/p>\n","protected":false},"featured_media":76604,"template":"","meta":{"content-type":""},"product_brand":[],"product_cat":[135,136],"product_tag":[],"class_list":{"0":"post-83411","1":"product","2":"type-product","3":"status-publish","4":"has-post-thumbnail","6":"product_cat-luxus-kurzwaren","7":"product_cat-werbezubehor-fur-unternehmen","9":"first","10":"instock","11":"shipping-taxable","12":"purchasable","13":"product-type-simple"},"aioseo_notices":[],"_links":{"self":[{"href":"https:\/\/www.kolibica.com\/de\/wp-json\/wp\/v2\/product\/83411","targetHints":{"allow":["GET"]}}],"collection":[{"href":"https:\/\/www.kolibica.com\/de\/wp-json\/wp\/v2\/product"}],"about":[{"href":"https:\/\/www.kolibica.com\/de\/wp-json\/wp\/v2\/types\/product"}],"wp:featuredmedia":[{"embeddable":true,"href":"https:\/\/www.kolibica.com\/de\/wp-json\/wp\/v2\/media\/76604"}],"wp:attachment":[{"href":"https:\/\/www.kolibica.com\/de\/wp-json\/wp\/v2\/media?parent=83411"}],"wp:term":[{"taxonomy":"product_brand","embeddable":true,"href":"https:\/\/www.kolibica.com\/de\/wp-json\/wp\/v2\/product_brand?post=83411"},{"taxonomy":"product_cat","embeddable":true,"href":"https:\/\/www.kolibica.com\/de\/wp-json\/wp\/v2\/product_cat?post=83411"},{"taxonomy":"product_tag","embeddable":true,"href":"https:\/\/www.kolibica.com\/de\/wp-json\/wp\/v2\/product_tag?post=83411"}],"curies":[{"name":"wp","href":"https:\/\/api.w.org\/{rel}","templated":true}]}}

<p><strong>Usb Stick aus Holz</strong> &#8211; Willst du anders sein? Suchen Sie nach einem USB-Stick, der auch ein einzigartiges Modedetail ist? Möchten Sie einen praktischen und eleganten USB-Stick? Kolibica kann Ihnen verschiedene USB-Sticks mit unterschiedlichen Kapazitäten anbieten. Diese Scheiben sind handgefertigt und wunderschön gestaltet. Sie werden auch in Kombination mit Metallteilen produziert und zeichnen sich durch höchste Verarbeitungsqualität aus.</p>
<p><strong>Flash-Aufkleber</strong> werden aus <a href="https://www.kolibica.com/de/strukturelle-eigenschaften-und-verwendbarkeit-heimischer-holzarten/">Walnuss</a>-, Kirsch-, Pflaumen- und Birnenholz höchster Qualität hergestellt. Sie können CNC- oder lasergraviert sein.</p>
<p>In Anbetracht dessen, dass sie zu den luxuriöseren Produkten gehören, können USB-Sticks aus Holz in kleinen Serien oder auf Bestellung pro Stück hergestellt werden.</p>
<p>Preise für 8 GB USB-Flash:<br />
bis 100 Stück &#8211; 15 Eur<br />
von 100 bis 200 Stück &#8211; 14 Eur<br />
über 200 Stück &#8211; 12,50 Eur</p>
<p>&nbsp;</p>
<p>&nbsp;</p>
<p>&nbsp;</p>
<p><strong>Anmerkungen:</strong></p>
<p>Die Gravur ist nicht im Preis inbegriffen.<br />
Auf Wunsch des Kunden bringen wir ein Logo oder einen anderen Text per Laserdruck auf die Produkte auf</p>
